e prime factors of x.
2, 23
Let w = 32 - 29. Suppose -2*x = -0*x - g - 59, 0 = -w*g + 9. What are the prime factors of x?
31
Let o = 4183 + -709. List the prime factors of o.
2, 3, 193
Suppose 0 = 26*o - 16*o - 30370. What are the prime factors of o?
3037
Let v(i) = 12*i + 1. Let l be v(-3). Let f = l + -4. What are the prime factors of f/(-9) - (-3)/(-9)?
2
Let p = 45 - 33. Let r = 1 - 0. Suppose -r = -q + p. List the prime factors of q.
13
Suppose 2*d = 3*o + 39, 3 = 2*o + 5. Let t = -8 + d. Suppose 3*y - t = 2. What are the prime factors of y?
2
Let z(s) = -7*s**3 + 5*s**2 + s - 3. Let v be z(-3). Suppose -3*x = 3*x - v. List the prime factors of x.
2, 19
Let p = 82 + -67. List the prime factors of p/3*(-395)/(-25).
79
Let j be (3/9)/((-3)/27). List the prime factors of (-36)/(-3) - j - (4 + -5).
2
Suppose -z + 9 = 4*m - 30, 4*m - 3*z = 27. Suppose 0 = -m*b + 11*b - 154. List the prime factors of b.
7, 11
Let u(s) = s. Let d be u(-6). Let g(v) = 2*v**2 + 1. What are the prime factors of g(d)?
73
Let q = -45 - -138. What are the prime factors of q?
3, 31
Let g(k) = k. Let u(n) = 3. Let m(c) = -2*g(c) - u(c). Let b(v) = -3*v - 5. Let f(j) = -5*b(j) + 8*m(j). List the prime factors of f(-1).
2
Let o = -14 - -18. Let f be o/(-1) + 7/1. Suppose 0 = f*j + 48 - 165. What are the prime factors of j?
3, 13
Let o = -58 + 61. Suppose 0 = -7*b + 858 + 374. Suppose -b = -g - o*g. What are the prime factors of g?
2, 11
Suppose -99*t - 1924 = -125*t. List the prime factors of t.
2, 37
Suppose 0 = 2*u - 0 - 10. Suppose -66 + 216 = h + 3*c, -5*h - u*c = -750. Suppose 3*d = -2*d + h. List the prime factors of d.
2, 3, 5
Suppose -2*s + 46 = -238. Let n = s - 56. What are the prime factors of n?
2, 43
Let x = 2 + -18. Let j(z) = -z**2 + 10*z + 66. Let a be j(11). Let n = a + x. List the prime factors of n.
3, 13
Suppose 0 = -12*p - 4*p + 32. Suppose 13*i - 2*f - 391 = 10*i, -3*f - 264 = -p*i. List the prime factors of i.
3, 43
Suppose -10*m = -9*m - 2. Suppose 0 = -0*f + m*f - 414. What are the prime factors of f?
3, 23
Let w(s) = -s**3 + 9*s**2 - 4*s - 17. Let f be w(9). Let h = f - -151. List the prime factors of h.
2, 7
Let w = 132 + 13. Suppose 0 = -5*h + 4*b + 364, -3*h - w = -5*h + b. What are the prime factors of h?
2, 3
List the prime factors of (-5 + -4)/9*-1659.
3, 7, 79
Suppose 3 = 6*v + 9. What are the prime factors of 1410/20 + v/(-2)?
71
Let l be (-1 + 2)*(10 - 11) + -1. List the prime factors of (l - 123/(-4)) + 21/(-28).
2, 7
Let p(i) = i**3 + 12*i**2 + 9*i - 14. Let v be p(-11). What are the prime factors of (4 - (-1 + v)) + 63?
2, 3, 5
Let f = -6 - -13. Suppose 2*i - f = -1. Suppose 0 = r + u - 20, r + i*u - 15 = 1. What are the prime factors of r?
2, 11
Suppose -7*o + 4039 = -0*o. List the prime factors of o.
577
Let g = -291 + 407. Suppose 2*o + 2*o = g. List the prime factors of o.
29
Let y = 15 + 194. Suppose 0*r + o - y = -5*r, -4*r + 172 = -4*o. List the prime factors of r.
2, 3, 7
Let a be 2 + 2 + 2 + (1 - -380). Suppose 6*z - a = 195. What are the prime factors of z?
97
Let o(r) = 585*r**2 - 1. Let x be o(1). Suppose 2*k = x - 152. What are the prime factors of 1/(-5) - k/(-30)?
7
Let m(n) = n**2 + 10. Suppose -11*p + 6*p = 0. Suppose -3*t + x + 0*x + 17 = 0, p = -5*x - 10. What are the prime factors of m(t)?
5, 7
Let j(r) = -11*r**2 - r. Let d be j(-1). Let o = d - -14. Suppose 55 = o*q - 25. What are the prime factors of q?
2, 5
List the prime factors of 2652 + (13 - (-48)/(-6)).
2657
Let a be 75/(-45)*-3*1. Suppose -a*c + 344 = -31. What are the prime factors of c?
3, 5
Suppose -88*g + 91*g = 4278. What are the prime factors of g?
2, 23, 31
Suppose -3*q - 3 = 4*l, 2 + 22 = 5*q - 3*l. Suppose 753 = 4*d - q*t + 6*t, -5*d = -4*t - 918. What are the prime factors of d?
2, 3, 31
Suppose -13*t + 344 = -5*t. What are the prime factors of t?
43
Let z(y) = -y**3 + 19*y**2 - 27*y - 55. What are the prime factors of z(13)?
2, 19
Let z = -4180 + 5902. List the prime factors of z.
2, 3, 7, 41
Let o = -708 + 2725. List the prime factors of o.
2017
Let x(j) = j**3 - 7*j**2 + 8*j - 10. Let o be x(7). Suppose 5*z - o = 4*z. What are the prime factors of z?
2, 23
Suppose -p + 42*p - 27593 = 0. What are the prime factors of p?
673
Let w(y) = -35 + 43 + 2*y + 0*y - y**3 - 6*y**2. List the prime factors of w(-8).
2, 3, 5
Let i = 27 - 24. Suppose 0 = -i*t + 74 - 14. What are the prime factors of t?
2, 5
Let w(p) = p**3 + p**2 - 13*p - 3. Let g be w(7). Let l = g - 192. List the prime factors of l.
2, 53
Let p = -55 - -176. Suppose 8*l = p + 767. List the prime factors of l.
3, 37
Let g(n) = 5*n**2 - 5*n - 2. Suppose 24 = 5*b + 9. Suppose -5 = b*t + r, 0*r - 16 = -4*r. What are the prime factors of g(t)?
2, 29
Suppose -4701 - 5680 = -7*o. What are the prime factors of o?
1483
Let k = 46 + -33. Let f(m) = -m**3 + 13*m**2 + 1. Let a be f(k). Suppose 25 + a = v. What are the prime factors of v?
2, 13
Let w(l) = -159*l + 778. List the prime factors of w(-10).
2, 37
Let y(a) = 2*a + 2. Let u be y(5). Suppose -u*d = d - 793. What are the prime factors of d?
61
What are the prime factors of 197 - (-30)/5 - -2?
5, 41
Let b(s) = -s**2 + 9*s + 81. List the prime factors of b(8).
89
Let x = 70 + -47. Let n = x + -2. Let l = 28 - n. List the prime factors of l.
7
Suppose 3*j - f - 99 = j, -4*f = -3*j + 136. Let u = -32 + j. What are the prime factors of u?
2, 5
Let d(h) = 370*h**2 - 1. Let q be d(1). Let c = -225 + q. List the prime factors of c.
2, 3
Let v be (-118)/(-6) + 3/9. Suppose 0*w + 4*w = v. Suppose -4*g + 84 = 5*p, 0 = -7*p + 3*p + w*g + 100. What are the prime factors of p?
2, 5
Suppose -10*j = -10 - 40. List the prime factors of (-25)/j*282/(-10).
3, 47
Let w(o) = 6*o - 6. Let c be w(4). Let d = 35 - -85. Suppose -3*s - c = -d. List the prime factors of s.
2, 17
Let r = -6 - -10. Suppose -15 = -3*i - 5*a, -25 = -5*i - r*a - 0*a. What are the prime factors of i?
5
Suppose -21914 = -12*h + 36082. List the prime factors of h.
3, 179
Suppose 2516 = 4*z - 0*z. Suppose 0*k - 248 = -2*u + k, -2*k = 5*u - z. Suppose 2*f - a = 15 + 38, -5*f + 5*a = -u. What are the prime factors of f?
2, 7
Let j(l) = 4*l**3 + l**2 - 21*l + 30. List the prime factors of j(9).
2, 3, 11, 43
Let a(g) = -g**2 - 5*g - 7. Let i be a(-2). Let o(b) = 2*b**2 - 2 + 2 - b. List the prime factors of o(i).
3
What are the prime factors of (-3*(-220)/(-24))/(2/(-28))?
5, 7, 11
Let k(l) = -222*l - 3. List the prime factors of k(-2).
3, 7
Suppose -28 = -5*k - 103. Let g be 6/k - (-119)/35. Suppose g*d = -3*d + 72. What are the prime factors of d?
2, 3
Let z be 8/20 - ((-126)/(-15) + 1). Let p(y) = 2*y**2 - 3*y - 23. What are the prime factors of p(z)?
2, 83
Let t be (-4 - -3)*-1 + 1. Let w be 2/(-4) + t/4. Suppose 0 = -5*j - w*j + 70. What are the prime factors of j?
2, 7
Suppose 4*z - 703 = -n, 3*z - 7*n = -5*n + 519. List the prime factors of z.
5, 7
Suppose -f - 1 = 0, 21 = 5*s - 5*f - 34. Let v = -1 - -7. Let b = s - v. List the prime factors of b.
2
Suppose -136 = -11*m + 9*m. Suppose 0 = -5*o + 4*o - 46. Let z = m + o. What are the prime factors of z?
2, 11
Let q(j) = 25*j + 32. Let u be q(8). Suppose 2*c - 116 = u. List the prime factors of c.
2, 3, 29
Let w = 14 + -15. Let z(k) = 2*k**2 + k + 1. List the prime factors of z(w).
2
Suppose -8*d + 12*d = -3*n + 493, 10 = -5*d. List the prime factors of n.
167
Let o(l) = -20*l + 16. Let g be o(-7). Suppose -2*f = 4*f - g. Suppose -4*b = -5*b + f. List the prime factors of b.
2, 13
Let s(u) = u**2 - 1. Let n be s(-3). Suppose 3*z - n = z. Suppose z*c = c + 57. What are the prime factors of c?
19
Suppose 23 = -3*k - 1. Let s(n) = -n**2 - 9*n - 8. Let y be s(k). Suppose -4*z - 3*l + 101 = y, 0*z + 2*z + 2*l - 50 = 0. What are the prime factors of z?
2, 13
Suppose -3*f - 28 + 55 = 0. List the prime factors of ((-30)/f)/(-5) - 865/(-3).
17
What are the prime factors of 1/(-2) + 16169/46?
3, 13
Suppose -2*m - 5*a = 5, -2*a - 27 = -3*m + 13. Suppose 0 = -9*w + 6*w + 7*w. Suppose k = -w*k + m. List the prime factors of k.
2, 5
Suppose -6*l = -2*l + 568. Let k = l - -374. Let b = k - 165. List the prime factors of b.
67
Suppose -2*j = -6*j + 84. Suppose 4*u = -4*k + 60, -u = -2*k + 6 + j. What are the prime factors of k - (2 - (-8)/(-4))?
2, 7
Sup